13216.
1652
What is the highest common factor of 51865 and 7107?
23
What is the greatest common factor of 3231638 and 1150?
46
Calculate the highest common factor of 20824 and 1316296.
1096
Calculate the greatest common factor of 17240 and 173630074.
862
What is the greatest common factor of 7964086 and 149978?
2542
Calculate the greatest common factor of 169824 and 2001696.
2784
What is the greatest common divisor of 4345231 and 77?
11
What is the highest common divisor of 39696848 and 144?
16
Calculate the greatest common divisor of 167288 and 350152.
88
Calculate the highest common factor of 12729 and 26319329.
4243
What is the greatest common factor of 46747110 and 1020?
510
Calculate the greatest common factor of 118610634 and 48.
6
Calculate the highest common divisor of 40175 and 149425.
25
What is the greatest common factor of 3510 and 432010?
10
What is the highest common factor of 3232 and 1298456?
808
What is the highest common divisor of 107689 and 338661?
113
What is the greatest common factor of 519426252 and 2248?
1124
Calculate the greatest common divisor of 2160720 and 5840.
80
What is the greatest common factor of 20502 and 3438306?
1206
What is the greatest common factor of 329160071 and 1613?
1613
Calculate the highest common divisor of 131553205 and 140.
35
Calculate the greatest common factor of 499852290 and 420.
210
Calculate the highest common factor of 131416 and 9704.
8
Calculate the greatest common divisor of 93722143 and 1145.
229
Calculate the highest common divisor of 1330475 and 16150.
475
What is the highest common factor of 56 and 238236?
4
Calculate the greatest common factor of 803128179 and 777.
777
Calculate the greatest common divisor of 3175 and 4318.
127
Calculate the highest common divisor of 1097820 and 79715.
535
Calculate the highest common factor of 1075 and 14973546.
43
Calculate the highest common factor of 96 and 3683584.
32
Calculate the highest common divisor of 3228 and 100284.
12
What is the greatest common factor of 770743 and 28805395?
2999
What is the greatest common factor of 6 and 4621172?
2
Calculate the greatest common divisor of 9447 and 461697.
201
Calculate the highest common divisor of 13886779 and 96807.
529
Calculate the greatest common factor of 133 and 299459.
19
What is the highest common divisor of 30 and 29275930?
10
Calculate the greatest common divisor of 14 and 3124854278.
14
What is the highest common divisor of 1067 and 6259?
11
Calculate the highest common divisor of 69597275 and 165.
55
Calculate the greatest common divisor of 256 and 83630464.
128
What is the greatest common factor of 28 and 48472354?
14
What is the highest common factor of 800 and 5041312?
32
What is the greatest common divisor of 302760 and 1130130?
2610
Calculate the greatest common factor of 405151164 and 2772.
396
Calculate the greatest common factor of 94340 and 7240860.
1060
Calculate the highest common divisor of 12840 and 2303425380.
6420
Calculate the greatest common divisor of 7893025 and 4807.
23
What is the greatest common factor of 69 and 41292291?
69
Calculate the greatest common divisor of 110 and 1993850.
10
What is the greatest common factor of 345965284 and 70?
14
What is the highest common factor of 10892 and 30337332?
1556
What is the highest common divisor of 6083 and 21248150?
77
What is the highest common divisor of 135280957 and 2177?
2177
What is the greatest common factor of 18658601 and 52?
13
What is the greatest common factor of 59687891 and 1899?
211
Calculate the highest common factor of 13692 and 2804904.
1956
What is the highest common divisor of 232 and 2445802?
58
Calculate the highest common divisor of 528399389 and 238.
119
What is the greatest common factor of 398189 and 26235?
583
Calculate the greatest common divisor of 10521 and 1930353.
501
Calculate the greatest common factor of 14499267 and 1049917.
8677
What is the highest common divisor of 39106200 and 24?
24
What is the greatest common divisor of 3176 and 23266582?
794
Calculate the greatest common factor of 405164 and 120196.
796
Calculate the greatest common divisor of 1008 and 107031708.
252
Calculate the greatest common factor of 12944 and 20792.
8
What is the highest common factor of 30 and 70655580?
30
What is the greatest common divisor of 9 and 830025423?
9
What is the highest common divisor of 3436 and 21091886?
1718
Calculate the greatest common divisor of 870 and 389882670.
870
What is the highest common divisor of 840 and 11191880?
280
Calculate the greatest common factor of 178237 and 2043871.
1301
What is the highest common divisor of 769155 and 9165?
705
Calculate the highest common divisor of 7950569 and 2299.
209
Calculate the greatest common divisor of 1932 and 26471988.
276
Calculate the highest common divisor of 2920408 and 55658.
3274
Calculate the highest common factor of 612 and 187318.
2
What is the highest common factor of 10238844 and 166404?
588
What is the highest common factor of 5344 and 1491811?
167
Calculate the greatest common factor of 41586 and 6874596.
1434
What is the highest common factor of 6858 and 1955232?
54
What is the highest common divisor of 2855 and 29689145?
2855
What is the greatest common divisor of 20384 and 83776?
224
What is the highest common factor of 47912032 and 84?
28
What is the greatest common divisor of 7752 and 82810536?
408
What is the greatest common factor of 1366 and 9842713?
683
Calculate the greatest common factor of 15805 and 345390.
145
Calculate the highest common factor of 22452 and 170449971.
5613
Calculate the greatest common divisor of 11864 and 704.
8
What is the greatest common divisor of 3066 and 1010478?
42
Calculate the highest common factor of 457842 and 12364.
22
What is the highest common factor of 64980738 and 488?
122
Calculate the greatest common factor of 3807439 and 50779.
493
Calculate the greatest common factor of 15793830 and 117.
117
What is the greatest common divisor of 1813165940 and 17?
17
What is the greatest common factor of 46843 and 492199?
139
Calculate the greatest common divisor of 6470 and 2477117140.
6470
Calculate the highest common divisor of 4978212 and 3264.
204
What is the greatest common factor of 17467524 and 1332?
36
What is the greatest common divisor of 314557 and 625026?
73
Calculate the greatest common factor of 3690 and 5462664930.
3690
What is the greatest common divisor of 196363 and 4949664?
1097
What is the greatest common divisor of 1023 and 2620089?
93
What is the greatest common divisor of 512778 and 4599?
21
Calculate the highest common factor of 17466944 and 129.
43
What is the greatest common divisor of 216141471 and 4095?
819
Calculate the highest common factor of 70813893 and 777.
111
What is the greatest common factor of 114171 and 8943?
3
What is the greatest common factor of 195470 and 2090?
110
Calculate the greatest common divisor of 7005 and 147990.
15
Calculate the greatest common divisor of 189516 and 6171.
51
Calculate the greatest common divisor of 3756025 and 6350.
3175
What is the greatest common factor of 327 and 265488248?
109
Calculate the highest common factor of 60 and 284253.
3
What is the greatest common factor of 149011937 and 2721?
907
Calculate the greatest common factor of 200120260 and 2440.
1220
Calculate the highest common factor of 87934 and 4774.
154
Calculate the greatest common factor of 4030 and 347749940.
310
What is the highest common divisor of 123180 and 40965?
15
What is the greatest common factor of 60072560 and 1360?
1360
Calculate the highest common divisor of 56869 and 2164096.
1537
Calculate the highest common factor of 102725 and 238175.
175
What is the highest common divisor of 110768 and 7957264?
2576
What is the greatest common divisor of 228326 and 15698?
94
Calculate the highest common factor of 1368 and 4747815.
171
What is the highest common factor of 42652413 and 54?
27
Calculate the greatest common divisor of 112 and 99210048.
112
Calculate the highest common factor of 10678790 and 90.
10
Calculate the greatest common divisor of 1457 and 11952711.
47
What is the highest common factor of 12177976 and 37306?
1622
Calculate the greatest common divisor of 96575268 and 24.
12
What is the highest common factor of 15485260 and